
121233300 (base 4) to base 7
616311
-5074620 (base 9) to base 2
-1010010100110001111000
1748b (base 15) to base 7
432323
What is d859dd (base 14) in base 9?
14677815
What is -190317 (base 11) in base 2?
-1000111100101010001
-111122000211 (base 3) to base 13
-95170
-1001101111010010 (base 2) to base 12
-1b102
22002212102201 (base 3) to base 13
b7aacb
Convert -126015464 (base 7) to base 3.
-120021122110222
What is 241352453 (base 6) in base 10?
4556049
Convert -204747 (base 9) to base 5.
-12342444
2201111200010 (base 3) to base 11
8a9026
What is 10a1c9 (base 15) in base 7?
6513345
Convert 104210201 (base 5) to base 15.
914a1
Convert 1153282 (base 10) to base 16.
119902
Convert -294d (base 16) to base 15.
-31ed
-31e8b0 (base 16) to base 10
-3270832
What is 1556230 (base 7) in base 6?
4343214
What is 2303312103 (base 4) in base 16?
b3d93
-1542324 (base 6) to base 4
-112102030
Convert -47113 (base 11) to base 12.
-33440
What is -1113036 (base 8) in base 12?
-125b3a
What is 37706 (base 12) in base 11?
51651
1546503 (base 10) to base 2
101111001100100000111
What is -3621108 (base 10) in base 4?
-31310003310
What is -a85819 (base 11) in base 14?
-332569
Convert -4739a22 (base 11) to base 3.
-120120012022121
What is 1011021002211 (base 3) in base 5?
124142402
Convert -13534213 (base 6) to base 15.
-9257c
What is -1021200330 (base 4) in base 2?
-1001001100000111100
Convert -2320231203 (base 4) to base 12.
-305a03
What is 101111101111111101010 (base 2) in base 5?
400032100
What is -5911530 (base 10) in base 14?
-adc4c2
-246415 (base 7) to base 10
-45484
-30b25 (base 16) to base 3
-101010121110
-89796 (base 11) to base 15
-28809
Convert -368017 (base 10) to base 14.
-9818d
Convert -27125 (base 14) to base 3.
-11220001112
a9e5c (base 15) to base 14
100a58
Convert -1ed9d (base 15) to base 9.
-163424
What is -100101110001111010100 (base 2) in base 11?
-77611a
What is 151613 (base 7) in base 14?
aa43
What is -2130222011 (base 4) in base 16?
-9ca85
What is e759d (base 16) in base 3?
1210010212210
Convert -103113211 (base 4) to base 11.
-54671
Convert -10353052 (base 10) to base 5.
-10122244202
Convert -1395869 (base 11) to base 12.
-975631
Convert -141844 (base 10) to base 12.
-6a104
What is -5203c9 (base 14) in base 5?
-1202013332
10202210101 (base 3) to base 13
27a12
11438b (base 12) to base 4
1003220123
Convert 12827a (base 13) to base 14.
b899c
What is -51410021 (base 6) in base 15?
-1e3234
Convert 353827 (base 15) to base 3.
11210012122001
Convert 113030323212 (base 4) to base 12.
2053a06
Convert 101111111010101010001 (base 2) to base 11.
982730
Convert -1617430 (base 9) to base 8.
-3331326
-1000010110110000100000000 (base 2) to base 3
-1012222020221221
555331 (base 7) to base 8
277204
-4919a (base 11) to base 14
-1bb13
Convert 25311 (base 9) to base 7.
100423
Convert 4ece4 (base 15) to base 8.
755370
Convert -11022220011110 (base 3) to base 16.
-231bac
Convert -17c67 (base 13) to base 5.
-2433203
Convert 620157 (base 8) to base 14.
54967
What is -34a19 (base 11) in base 13?
-19c8b
Convert 366923 (base 12) to base 16.
d77ab
-1000110011100000000110 (base 2) to base 13
-62a754
Convert -1394373 (base 15) to base 12.
-489a116
What is 4142768 (base 9) in base 10?
2213144
What is 1242212 (base 6) in base 9?
113128
-4378602 (base 9) to base 13
-645cb0
14a53 (base 11) to base 6
242145
-30686 (base 10) to base 13
-10c76
Convert -100100100110010011 (base 2) to base 13.
-53304
What is -24ba936 (base 12) in base 15?
-977740
244525443 (base 6) to base 5
2201131243
-2531435 (base 9) to base 3
-2121001111012
Convert -3124223 (base 8) to base 2.
-11001010100010010011
-321333303 (base 4) to base 13
-84186
What is 1253661 (base 7) in base 3?
22100211120
What is -342423313 (base 5) in base 16?
-1757e9
Convert 3053655 (base 9) to base 8.
6157233
Convert 504635 (base 7) to base 6.
1500515
What is -e52d56 (base 16) in base 13?
-315b3b8
What is -16e99d (base 15) in base 3?
-2002112010111
Convert 300614 (base 7) to base 16.
c626
What is -c99c3 (base 13) in base 8?
-1307231
-323442012 (base 5) to base 14
-282921
Convert -200000122121 (base 3) to base 16.
-569d1
-10110110010010010101 (base 2) to base 5
-142343040
What is -121452155 (base 7) in base 12?
-266b808
Convert 391465 (base 13) to base 2.
101001111011010111100
134053133 (base 6) to base 4
22112122101
1894552 (base 11) to base 6
152312140
What is 2017c8 (base 15) in base 4?
11310002300
-10256666 (base 7) to base 13
-246923
What is 11153504 (base 6) in base 5?
41413210
What is -50512315 (base 6) in base 10?
-1440407
What is 12014332220 (base 5) in base 16?
d2f03c
Convert -3a5244 (base 12) to base 14.
-1b0c60
11313335 (base 7) to base 8
3627620
-1111101101111001110 (base 2) to base 10
-515022
What is -1001101010010111001 (base 2) in base 7?
-2456015
Convert 100001110110111001 (base 2) to base 5.
13414211
What is -508996 (base 13) in base 9?
-3467854
Convert -85c5 (base 13) to base 9.
-27436
Convert 22089c (base 13) to base 4.
3003212211
-2282a6 (base 11) to base 4
-1120132112
-20101002020 (base 3) to base 4
-132220020
-4010333444 (base 5) to base 16
-7894a6
What is -39d16 (base 16) in base 4?
-321310112
Convert -340825 (base 11) to base 6.
-15344320
Convert -1042441 (base 6) to base 15.
-10811
-4020414 (base 5) to base 3
-10020121011
1145887 (base 9) to base 7
5164543
Convert -88853a (base 12) to base 2.
-1000010010000011111110
2102200133 (base 4) to base 6
20510115
What is 12031380 (base 9) in base 5?
3000212303
Convert 2002321301 (base 4) to base 15.
a8d02
13654 (base 15) to base 14
18935
What is -1211121120 (base 3) in base 10?
-36168
Convert 93086 (base 13) to base 6.
5353022
Convert -8007373 (base 9) to base 4.
-100033102230
Convert -18429 (base 11) to base 14.
-9592
Convert -140553003 (base 7) to base 6.
-524125033
1122410 (base 5) to base 7
113226
Convert -4121443141 (base 5) to base 9.
-16707440
110110010000100000100101 (base 2) to base 11
8035281
1102020221211 (base 3) to base 16
b7d81
What is 6613510 (base 7) in base 13?
224b4b
-19149f (base 16) to base 5
-410044204
What is 64a761 (base 12) in base 4?
12011032321
Convert 71523 (base 10) to base 11.
49811
-1122242 (base 9) to base 6
-20550102
What is -212a12 (base 11) in base 14?
-8c1c8
Convert -876816 (base 9) to base 12.
-212a50
Convert 1607ab7 (base 12) to base 4.
101020311223
What is d2609 (base 14) in base 12?
204a55
33515b (base 15) to base 8
11253522
Convert -236776 (base 14) to base 16.
-127204
-7750145 (base 8) to base 12
-8466b1
Convert -7226991 (base 10) to base 12.
-2506353
Convert 1223030031 (base 4) to base 10.
439053
-10554224 (base 6) to base 14
-86c76
2d8870 (base 16) to base 7
34235564
Convert -1237234 (base 8) to base 7.
-2631031
-6467e8 (base 16) to base 12
-2253ba0
What is -43444010 (base 5) in base 13?
-10182c
What is -2442305 (base 6) in base 2?
-11111110001100001
What is -1e119 (base 15) in base 8?
-277514
Convert -1b0329 (base 16) to base 14.
-341209
What is -62342 (base 7) in base 9?
-22845
What is 5a3571 (base 11) in base 6?
32255301
What is 622416 (base 7) in base 8?
320053
What is -338a6 (base 16) in base 5?
-23223420
Convert -1260173 (base 8) to base 10.
-352379
-3554053 (base 6) to base 2
-101101011101110001
Convert 330210 (base 6) to base 15.
8149
What is 1010211200001 (base 3) in base 14?
11b303
-3371537 (base 8) to base 2
-11011111001101011111
22354343 (base 6) to base 15
d79e6
Convert -20328747 (base 9) to base 6.
-545125241
-142702 (base 9) to base 6
-1512132
Convert 50211 (base 12) to base 9.
167564
-2437212 (base 10) to base 9
-4524203
Convert -1111001100000000 (base 2) to base 4.
-33030000
12623044 (base 7) to base 13
31a695
What is -72eb (base 15) in base 4?
-11323220
What is -6f717 (base 16) in base 14?
-bc4d1
Convert -145b03 (base 14) to base 2.
-10101100101100100111
32031232 (base 4) to base 14
1730a
Convert -b867d (base 14) to base 11.
-284a47
Convert -121021100111 (base 3) to base 10.
-320287
Convert 41545266 (base 7) to base 16.
358479
What is -1168584 (base 9) in base 14?
-127ba9
What is 4412024 (base 5) in base 4?
102201301
What is 2253254 (base 6) in base 10?
116098
31031303301 (base 4) to base 7
41306250
What is 3301230023 (base 4) in base 10?
989963
-ddd53 (base 15) to base 12
-29bba3
Convert -63322 (base 11) t